 = 4*l - 5*k - 12. What are the prime factors of 32 - -2*l/2?
2, 17
Suppose 0*g - 4*g = 2*y, -y = -5*g. What are the prime factors of (-3)/(y - (-3)/(-9))?
3
Suppose -r - 16 = r. Let f = 11 + r. Suppose 0 = 4*z - f*k - 63, -4*k = -9*k - 25. What are the prime factors of z?
2, 3
Let v(d) = -9*d**2 + 1. Let f be v(-1). Let b be 3/(-2)*f/3. What are the prime factors of ((-2)/b)/(6/(-72))?
2, 3
Let i(q) = -q**3 - 4*q**2 - 2*q + 4. Let f be i(-3). What are the prime factors of 27/6*2/f?
3
Let g(q) = 43*q**3 + q**2 + q + 1. Let i be g(-1). Let t = -26 - i. Let r = t - 8. What are the prime factors of r?
2
Let q = 9 + -15. Let m = 19 + q. List the prime factors of m.
13
Let u = -39 + 26. Let y = -7 - u. What are the prime factors of y?
2, 3
Let y(g) = -g**3 + 7*g**2 - 6*g + 1. List the prime factors of y(5).
3, 7
Suppose 2*b = 4*b + 18. Let q = -2 - b. What are the prime factors of q?
7
Let m(v) = v**3 + 6*v**2 + 5*v + 3. Let w be m(-5). Suppose l = w - 1. Suppose 5*u - 5*n - 60 = 0, -5*u + 4*n + l = -53. What are the prime factors of u?
7
Let h(k) = -8*k + 6. List the prime factors of h(-3).
2, 3, 5
Let b be 2/3 - (-344)/(-12). List the prime factors of (-82)/(-7) + (-8)/b.
2, 3
Suppose -5*k + 3*x = -499, 0 = -5*k + 25*x - 27*x + 484. What are the prime factors of k?
2, 7
Let r(f) = -f**2 - 4*f + 4. Let k be r(-5). List the prime factors of (4/6)/(k/(-3)).
2
Suppose 3*k = -5*f + 351, 4*f = 2*k + 100 + 194. Suppose 2*t = 2*p + 16, -3*p = 4*t + t - f. List the prime factors of t.
2, 3
Let o be (-2)/(-5) - (-56)/35. Suppose -o*u + 1 = -9. List the prime factors of u.
5
Let t be -44 + 4/(8/(-6)). Let k = t - -91. List the prime factors of k.
2, 11
Let q = -52 - -90. List the prime factors of q.
2, 19
Let a(p) = -p**2 - 27*p - 6. What are the prime factors of a(-22)?
2, 13
Let w be (-124)/(-5) + (-1)/(-5). Suppose w = b + 4*b. Let o = b + -2. List the prime factors of o.
3
Suppose -j + 77 + 15 = 0. What are the prime factors of j?
2, 23
Suppose -3 = c - 1, y + 5*c + 5 = 0. Suppose 2 + 18 = y*x. Suppose 2*h + v - 25 = 0, x*h = v + 20 + 21. List the prime factors of h.
11
Let u(s) = -s - 1. Let x be u(-8). Suppose 0 = 3*b - x*b - 44. Let f = -8 - b. What are the prime factors of f?
3
Let n(k) = 9*k + 5. Let j(w) = -1 + 8 + 9*w - 1. Let a(i) = -5*j(i) + 6*n(i). List the prime factors of a(1).
3
Let p = 11 + -9. Suppose 3*h = p*b + 1, 8*b - 3*b + h = 23. What are the prime factors of b?
2
Suppose -5*x = 4*v - 5*v - 78, -2*x + 42 = 5*v. Let w = x - 6. List the prime factors of w.
2, 5
Let q(t) = -10*t - 9. What are the prime factors of q(-5)?
41
What are the prime factors of (-8)/(-6)*(-210)/(-7)?
2, 5
Let f(z) = z. Let b(a) = -2*a - 1. Let t(u) = b(u) + 5*f(u). List the prime factors of t(10).
29
Suppose 5*y = y. Suppose y*o + 29 = -3*o + l, 4*o + 42 = 2*l. Let g = o - -21. What are the prime factors of g?
13
Suppose -3*k = -6*k + 186. List the prime factors of k.
2, 31
Suppose -2*q + 3 = -q. Suppose -11*t = -15*t. Suppose -2*b + 15 - q = t. What are the prime factors of b?
2, 3
Let a(o) = -o**2 + 4*o + 1. Let q be (-39)/(-12) - (-1)/(-4). List the prime factors of a(q).
2
Let y(s) = 9*s - 5*s - 5 + 4*s - s**3 + 4*s**2. List the prime factors of y(5).
2, 5
Let k = 6 - 4. Suppose k*j - 32 = -4*h, 4*h + 38 = 3*j + 8*h. What are the prime factors of 255/18 + (-1)/j?
2, 7
Let h(v) = -v - 7. Let t be (-2)/(-3) + (-96)/9. What are the prime factors of h(t)?
3
Let m be 1/(-3) - (-4)/(-6). Let d = m + 10. What are the prime factors of d?
3
Suppose -5*y + 5*a + 243 = -2, a - 110 = -2*y. List the prime factors of y.
53
Let k = 5 + -4. Suppose 2 = d - k. List the prime factors of d.
3
Let l = -7 + 12. Suppose l = c - 30. Suppose 5*r - s = c, -8 = -4*s + 12. List the prime factors of r.
2
Let v = 0 + 45. Suppose 0*b + v = 5*b. Suppose b = t - 0*t. List the prime factors of t.
3
Let a = 96 - 176. List the prime factors of 52/5 + 32/a.
2, 5
Suppose z = -5 + 10. What are the prime factors of z?
5
Let g(r) be the first derivative of r**3/6 + 11*r**2/2 - 3*r - 2. Let t(b) be the first derivative of g(b). List the prime factors of t(-8).
3
Let w(r) = -r**3 - 3*r**2 - r - 1. Let g be w(-3). Let i(j) = -2*j - 2*j - 3 + 1 + j**g + 2*j. What are the prime factors of i(5)?
13
Suppose 16*y - 12*y = 144. List the prime factors of y.
2, 3
Let o(m) be the third derivative of 0*m - 1/12*m**4 - 3*m**2 + 0 - 1/2*m**3. What are the prime factors of o(-4)?
5
Let g(a) = 13*a**2 + 5*a. List the prime factors of g(2).
2, 31
Let x(l) = l**2 - 4*l - 6. List the prime factors of x(-7).
71
Let x = -82 - -156. What are the prime factors of x?
2, 37
Let w(c) = -15*c + 2. Let b = 17 + -19. What are the prime factors of w(b)?
2
Suppose j = -3*j + 20. Suppose 41 = j*u - 34. List the prime factors of u.
3, 5
Let r(o) = o + 17. What are the prime factors of r(-11)?
2, 3
What are the prime factors of (-1)/2*-2 - -12?
13
Let i(u) = u**3 - 10*u**2 + u + 5. Let f(c) = c**3 - 6*c**2 + 2*c - 2. Let g = -10 - -16. Let z be f(g). List the prime factors of i(z).
3, 5
Let l(u) be the third derivative of u**4/12 - 7*u**3/6 - u**2. What are the prime factors of l(7)?
7
Suppose 10*q - 9*q = 21. List the prime factors of q.
3, 7
Let w be (2 + 3/(-2))*64. Let b = w - 10. What are the prime factors of b?
2, 11
Let f = -2 + 3. Suppose 0 = -0*j - 4*j - o + 18, 4*j - 24 = -4*o. Let a = j + f. List the prime factors of a.
5
Let q = 0 - -1. What are the prime factors of q/(-3*(-3)/63)?
7
Let v(c) = -c - 14. Let h be v(-14). What are the prime factors of (-3 - h) + 24 + -2?
19
Let r = 4 - 12. Let p = r - -19. What are the prime factors of p?
11
Let s be ((-33)/6 + 1)*-2. Let m(n) = 4*n + 1. What are the prime factors of m(s)?
37
Let w be (3/(-5))/(1/(-5)). Let t(m) = m**2 + 3*m - 4. Let f be t(-4). Suppose -5*c - 5*h = f, -4*h = -w*c - h + 12. What are the prime factors of c?
2
Suppose -2*h - 18 = -242. Suppose -4*q + 0 = -h. List the prime factors of q.
2, 7
Let c = 93 - 43. What are the prime factors of c?
2, 5
Let a = 5 + -5. Suppose a = -6*h + 3*h + 6. Suppose -4*o - h = -14. List the prime factors of o.
3
Suppose 0 = -7*k + 38 + 60. List the prime factors of k.
2, 7
Let a = 12 - 18. Let x(j) = j**2 + 6*j + 6. List the prime factors of x(a).
2, 3
What are the prime factors of 1*(59 - -2) + 0?
61
Suppose 0 = 3*j - 112 - 101. What are the prime factors of j?
71
Suppose -5*g = -4*w - 25, 2*w - 4*g + 6 + 14 = 0. Suppose w = -l + 4*l. Suppose 2*n - 8 = -l*n. List the prime factors of n.
2
Suppose -3*o + 322 = -2*r, -3*r - 19 + 361 = 3*o. List the prime factors of o.
2, 5, 11
Let q(m) = -5*m - 5. Suppose -3*l - 7 - 5 = 0. Let h be q(l). Let v = h - 6. List the prime factors of v.
3
Let j(z) = z**3 - 13*z**2 - 13*z - 3. Suppose -9*p = -6*p - 42. List the prime factors of j(p).
11
Let k be 18/63 + (-60)/14. What are the prime factors of k/(3 - 33/9)?
2, 3
Let c(t) be the first derivative of -t**2/2 + 37*t + 1. What are the prime factors of c(0)?
37
Let t = 14 - -16. Suppose 2*k = t - 4. List the prime factors of k.
13
Suppose -y + 5*p - 10 = -2*y, -4*p = 2*y - 8. Suppose y = l + l + 3*n + 18, 3*l - 3*n = -12. What are the prime factors of 1 - l - (2 + 0)?
5
Let u = -21 + 47. List the prime factors of u.
2, 13
Let y(o) = -1. Let x(a) = -a + 3. Let u(p) = x(p) - 2*y(p). Let m be u(-7). Let g = -7 + m. What are the prime factors of g?
5
Let c be (-4)/14 - 2/(-7). Suppose -r + c*r = -2. List the prime factors of r.
2
Let w(i) = -i**2 + 4*i - 2. Suppose 5*u = 3*b - 21, 3*b - 1 = -u + 2. List the prime factors of w(b).
2
Suppose 0 = 4*z + 4*m - 288, -2*z + 0*z + 5*m + 123 = 0. List the prime factors of z.
3, 23
Let m = 86 - 57. List the prime factors of m.
29
List the prime factors of (-3)/2*(-75 + -15).
3, 5
Let m(j) be the third derivative of -j**5/60 + j**4/4 + 5*j**3/6 - j**2. List the prime factors of m(6).
5
Let o(j) = -4*j - j + 6*j - 2. List the prime factors of o(5).
3
List the prime factors of (1 - -8) + (13 - 12).
2, 5
Let p = 22 - 15. Let v(i) = i + 1. What are the prime factors of v(p)?
2
Let s(o) = -o**3 - 22*o**2 + 17*o - 28. What are the prime factors of s(-23)?
2, 5, 11
Let d(y) = 4*y - 3. What are the prime factors of d(9)?
3, 11
Let j(v) = -v + 1. Let x(z) = 7*z - 6. Let s(y) = 6*j(y) + x(y). What are the prim